. Let z be l(q). What is the highest common factor of z and 18?
2
Suppose -3*f + 260 = 2*f. Let m be 2852/f - (-4)/26. Let n = -36 + m. What is the highest common factor of n and 133?
19
Suppose 7*s - 132 + 41 = 0. Suppose -s*d = -12*d - 19. What is the greatest common divisor of d and 95?
19
Let s be (-4)/6 - (-724)/6. Suppose -1869*o + 80 = -1865*o. Calculate the greatest common divisor of s and o.
20
Let n = 275 + -143. Let s = 30 + -31. Let a be (25 - 19)*(s - -3). Calculate the greatest common divisor of n and a.
12
Let v(p) = -p**2 - 10*p - 14. Let j be v(-8). Let t be (-23 + 19)/(0 + j/(-11)). Calculate the greatest common divisor of t and 33.
11
Suppose 4*d = 780 - 156. Calculate the highest common factor of 546 and d.
78
Suppose -18*r + 4*r = -1050. Calculate the highest common divisor of r and 475.
25
Let j = 249 - 377. Let w be j/(-40)*(49 - -1). Calculate the highest common divisor of w and 20.
20
Let x(z) = 2*z**2 + 11*z - 6. Let d = -13 - -3. Let m be x(d). Suppose -2*p + q + 183 = 0, -q + 3*q = -p + m. What is the greatest common factor of 36 and p?
18
Suppose 0 = -5*x - 5*g + 150, -2*x + 4*x - 4*g - 78 = 0. Calculate the greatest common factor of 2013 and x.
33
Let w be -2 + 8 - 5 - (-5 - -3). Calculate the greatest common factor of w and 87.
3
Suppose 2*j + 9*r = 4*r + 40, 5*r = -4*j + 80. Let g = 52 + -2. Calculate the greatest common divisor of g and j.
10
Suppose -2*f - 15 = -3*f. Calculate the highest common divisor of f and 15.
15
Let g be 1*5*(55/11 - -6). Calculate the highest common divisor of g and 121.
11
Let w = 12 + -15. Let c be (-1)/w + (-10)/3. Let l be ((-1)/(-3))/(c/(-27)). What is the highest common factor of 12 and l?
3
Let q = 55 + -46. Suppose -2*s = -3*x - 17, 3*x + 24 = 3*s - x. Suppose -4*k + 180 = o, 0 = -s*o + 3*o. What is the highest common factor of q and k?
9
Let u(l) = 5 + 3*l + 0*l + 23*l**2 - 8*l**3 - 23*l**2. Let q be u(-2). Calculate the greatest common factor of q and 9.
9
Suppose -236 = -6*u + 4*u. Calculate the greatest common factor of 413 and u.
59
Let t be 2/9 + (-1014)/(-54) - 3. What is the highest common factor of 656 and t?
16
Suppose 0 = -5*p - 3*j + 13, -5*j = 9 + 11. Suppose 5*h = -m + 15, -p*h - 4*m + 18 = -12. Calculate the greatest common factor of h and 10.
2
Let z(l) = -24*l + 114. Let n be z(2). Calculate the highest common divisor of 220 and n.
22
Let g be 3 - ((1 - 3) + 0). Let t be -25*(1 + (-165)/25). Suppose 10*b + t = 14*b. Calculate the highest common divisor of g and b.
5
Let x = -33 - -19. Let g = x + 37. Suppose j - 35 = -2*n, -3*n + g = 2*j - 30. What is the greatest common divisor of 153 and n?
17
Let g(i) = 50*i**2 + 42*i - 30. Let l be g(5). Calculate the highest common divisor of 130 and l.
130
Let d = 303 + -275. Calculate the highest common factor of d and 644.
28
Let k(c) = c**2 - 10*c - 1. Let l be k(11). Let d(x) = -2*x + 86. Let b be d(-22). What is the greatest common divisor of b and l?
10
Let a be 34/(-2)*-2*1. Suppose 2*o + 102 - 126 = 0. Let k(p) = 2*p**2 - 17*p + 1. Let t be k(o). What is the highest common divisor of a and t?
17
Suppose 5*f - 280 = 5*i, -i + 2*f - 34 - 18 = 0. Let z be (i/36)/(2/(-84)). Calculate the greatest common factor of z and 10.
10
Let x = 56 + -24. Suppose l = 2*w - 30, -28 - x = -4*w - 2*l. What is the highest common factor of w and 105?
15
Let g = 7 + -1. Suppose -5*h - 3*n + 21 = -0*h, 4*h - 3*n = g. Suppose h*c = -12 + 54. Calculate the highest common divisor of c and 56.
14
Let m be -126 - 2/(-4)*0. Let o = -88 - m. Suppose q = f - o - 170, 4*f = 5*q + 833. Calculate the greatest common factor of 23 and f.
23
Suppose -153 = -3*v - 0*v. Let z = 32 + v. Suppose -5*f - 23 = -z. Calculate the highest common factor of 36 and f.
12
Suppose -9*c + 13*c = 32. Let d(y) = 16*y**2 + y - 1. Let f(i) = i + 7. Let n be f(-6). Let x be d(n). What is the highest common divisor of x and c?
8
Suppose -4*b + 23 = 3. Suppose 0 = -b*j + 149 - 29. What is the highest common factor of 72 and j?
24
Let q = 41 + -5. Suppose -3*l - 2 = -14. Suppose 0*j = -j + l*w + 21, -4*j + 30 = 2*w. What is the highest common factor of q and j?
9
Suppose 3*y = -2*j + 280, -9*j + 14*j = 4*y + 746. Let d = -127 + j. What is the greatest common factor of 171 and d?
19
Let x = 28 + 40. Let y = x - 58. What is the greatest common factor of y and 50?
10
Let h = -260 + 153. Let y = h + 191. What is the greatest common factor of y and 12?
12
Suppose 3*y = 4*r + y - 66, -6 = 2*y. Let s = -12 + r. Suppose -s*m = -0*m - 150. Calculate the greatest common factor of 10 and m.
10
Let w be -2 + 0 + -1 + 1. Let f be w/(-9) - 20482/(-171). What is the greatest common factor of f and 12?
12
Let k = -398 - -440. What is the highest common divisor of 12 and k?
6
Suppose -3*r = 5*a - 106, -10*r + 7*r + 104 = 4*a. Calculate the greatest common divisor of r and 112.
16
Let a(m) = 15*m**3 - 6*m + 5. Let b be a(1). What is the greatest common factor of 28 and b?
14
Let n(t) = -t**3 - 4*t**2 - 3*t + 9. Let p be n(-4). What is the highest common factor of p and 357?
21
Let z be ((-30)/4)/(4/48). Let l = 174 + z. What is the highest common factor of l and 12?
12
Let d(g) = -g**2 - 35*g + 44. Let s be d(-36). Calculate the highest common divisor of 9 and s.
1
Let w(f) be the third derivative of f**6/120 - f**5/30 - 5*f**4/24 - 8*f**2. Let x be w(4). What is the greatest common factor of x and 48?
12
Suppose 0 = 137*f - 125*f - 1488. What is the greatest common divisor of 93 and f?
31
Let u = 94 - 88. Calculate the highest common divisor of u and 186.
6
Suppose -35 = -19*u + 250. What is the greatest common factor of 255 and u?
15
Let h be (-20)/(-90) + (-220)/18. Let j = 2 - 9. Let t = j - h. What is the greatest common divisor of t and 20?
5
Let j(u) = 3*u + 6. Let p be j(8). Suppose 0 = -z - 2*s + p, -3*z + s + 65 + 11 = 0. Let c be z - (8/4 - 0). What is the highest common factor of c and 6?
6
Let l = 58 + -49. Suppose -4*v = l - 25. Calculate the greatest common divisor of v and 36.
4
Let x(f) = f**3 + 11*f**2 - f - 1. Let u be x(-9). Let i = 1 - 1. Suppose i*l - l = -17. Calculate the highest common factor of u and l.
17
Let c(x) = -12*x - 54. Let s be c(-8). What is the highest common factor of 12 and s?
6
Suppose -2*l + 0*l + 6 = 0. Let k be -1*(-1 - 2) - -6. What is the greatest common divisor of l and k?
3
Let q be (-3 + 25/(-15))*108/(-42). Let f(j) = j + 1. Let d(t) = 3*t - 4. Let m be d(3). Let s be f(m). What is the greatest common divisor of q and s?
6
Suppose -5*c + 77 = 4*l - 7*l, 0 = -5*l + 2*c - 122. Let v be (-18*3/l)/((-1)/(-132)). What is the greatest common factor of v and 33?
33
Let p(m) = 2*m**2 - 3*m + 5. Let b be p(3). Suppose 39*s - 38*s = b. What is the highest common factor of 154 and s?
14
Let o = 1320 - 663. Suppose 197 = -4*t + o. Calculate the greatest common factor of t and 23.
23
Suppose 3*k = 2*i - i - 202, 3*i + 3*k = 546. What is the greatest common factor of 34 and i?
17
Let b = 49 - 47. Let h be 288/(-27)*(15/b)/(-5). Calculate the greatest common divisor of h and 12.
4
Let u = -294 + 562. What is the greatest common divisor of 469 and u?
67
Suppose -19*y + 7711 = -10301. Calculate the highest common divisor of y and 24.
12
Suppose 7*g + 66 = -67. Let i be (-779)/g + (0 - -4). Calculate the greatest common factor of 30 and i.
15
Suppose 2*r - i - 18 = 0, r = -2*r + 2*i + 25. Suppose -3*c + 28 = -r. What is the highest common divisor of c and 13?
13
Let f be 42/(-3) + (-10)/(-2). Let j be (-2144)/(-72) - 2/f*1. Calculate the greatest common divisor of 6 and j.
6
Suppose 0 = r + 2*y - 38, 3*y + 85 = 3*r + 7. What is the greatest common divisor of 310 and r?
10
Suppose 5*m - 5*z = 45, 8*z - 4*z = 3*m - 24. Let n(t) = t**3 + 3*t**2 - 2*t + 2. Let r be n(2). What is the highest common divisor of m and r?
6
Let w(s) = -s**3 + 8*s**2 - 11*s + 4. Suppose -4*u + 3*o + 29 = 4, -3 = -u + 4*o. Let h be w(u). Let f = -14 - h. What is the highest common factor of f and 15?
5
Let c be (12/(-10))/((-6)/40). Let y be 4/c - 9/(-2). Suppose 30 = y*g + 5. Calculate the greatest common divisor of 20 and g.
5
Let f be 275/33 + 1*2/(-6). Suppose f*n - 24 = 6*n. Suppose 432 = 2*h + 2*h. Calculate the highest common divisor of n and h.
12
Suppose -4*j + 2*h - 191 + 